t j = 167 - 162. Suppose 3*c = 5*y + 162 + 391, -j*y = 2*c - 377. Calculate the highest common factor of c and 6.
6
Suppose 74*h - 5*k + 301 = 78*h, 3*h = -3*k + 231. Calculate the highest common divisor of 2796 and h.
12
Let v = -1670 + 1930. Suppose 0 = 3*b - 6 - 9. Suppose b*d - v = d. Calculate the greatest common factor of d and 13.
13
Let y = -3443 - -3660. Calculate the highest common divisor of y and 147.
7
Let v be ((-3 - -15)/3)/(-6*24/(-792)). Suppose y - 1544 = -5*j, 2*y + 300 = j - 0*y. What is the highest common factor of j and v?
22
Suppose -1042 = -13*n + 596. Calculate the highest common divisor of 112 and n.
14
Let v(n) = n**3 + 2*n**2 + n + 600. Let c be v(0). Suppose 7*l - c - 135 = 0. Calculate the highest common factor of 15 and l.
15
Let f = 3795 - 3738. What is the highest common divisor of 111 and f?
3
Let g(z) be the third derivative of z**5/20 - z**4/2 - 5*z**3/2 - 142*z**2. Let m be g(7). Calculate the greatest common divisor of 16 and m.
16
Let c be 54/8 + 1422/632. Let m(z) = 4*z + 0 + 6 - z**2 + z. Let h be m(5). Calculate the greatest common factor of c and h.
3
Let m = 16310 - 15347. What is the greatest common divisor of 18 and m?
9
Let h(x) = x**3 - 18*x**2 + 9*x + 24. Let n be (2/3)/(4/102). Let t be h(n). Let y be -8 + 3 - (t + 8). What is the greatest common factor of 33 and y?
33
Suppose 0 = -14*s + 11*s + 396. Suppose 3*k - 228 = -5*z, -4*k = -3*z - k + s. Suppose -2*j + z = -29. What is the highest common divisor of 148 and j?
37
Let n(z) = -z**3 + 4*z**2 + 7*z - 5. Let s be n(5). Suppose s*l = -1 + 21. Let f(u) = 34*u - 4. Let c be f(l). What is the greatest common factor of c and 12?
12
Let k(b) = b**2 + 2*b + 3. Let r be k(-2). Suppose -4*l + 4*h + 356 = 0, 0*l - r*l + 273 = 3*h. What is the greatest common divisor of l and 120?
30
Suppose -3*p - 12 = 0, 55 + 136 = 5*y - 4*p. Suppose -y + 47 = -4*f. Let w be -3 - (f/(-1) + -24). Calculate the greatest common factor of 90 and w.
18
Suppose -d = 4*i - 428, d + 2*i - 4*i = 452. Let a(w) = 347*w + 384. Let v be a(-1). Calculate the highest common divisor of v and d.
37
Suppose -4*p + 5 = -11. Suppose -5*v = -4*k + 52, 0 = -v - 0*v + 4. Suppose 13*b = k*b - 20. Calculate the highest common factor of b and p.
4
Suppose 8819 - 2057 = 21*k. Let w(n) = 27*n**3 + 2*n**2 - 2*n + 1. Let r be w(1). Calculate the highest common factor of k and r.
14
Let y = 42 - -9. Let i = 42428 + -42377. Calculate the highest common divisor of i and y.
51
Let f(o) = 9*o**2 + 16*o - 10. Let j be f(-6). Let m = -211 + j. What is the greatest common divisor of m and 112?
7
Let l = 14 + -9. Suppose 0 = 4*k - 4*z - 420, 3 = 4*z - l. Suppose -k*i + 45 = -106*i. Calculate the greatest common divisor of i and 18.
9
Suppose -3*i + 10879 = -2*k - 1582, -3*i + 12471 = 3*k. Calculate the highest common divisor of 15 and i.
15
Let p(z) = -z**3 - 26*z**2 - 142*z - 20. Let t be p(-15). Let h be (-3 - -2)/(5/t). Calculate the highest common divisor of h and 949.
73
Suppose 3*z - 4*s = 170 + 10, -4*s = 2*z - 80. Calculate the highest common factor of z and 3536.
52
Suppose -130 = -c + 32*m - 27*m, c + 3*m - 82 = 0. What is the greatest common factor of c and 4?
4
Suppose -2*r + 2180 = 2*l, 1489*r = -l + 1490*r + 1108. What is the greatest common factor of 7536 and l?
157
Let g be -1*2 + 0/(7 + -11). Let i(j) = j**2 + 2. Let u be i(g). Suppose d + 0*m + 2 = -m, 3*d + m = 4. What is the greatest common factor of d and u?
3
Suppose -86*c - 2768 = -94*c. Let h = c + -27. What is the greatest common divisor of h and 11?
11
Let s = -16317 + 16397. What is the greatest common divisor of s and 7760?
80
Suppose -460 = -5*k - 3*q + 503, 4*q + 601 = 3*k. What is the highest common divisor of k and 1131?
39
Suppose 31*b - 38*b + 1624 = 0. Let d be (-6)/(-9) - (-5)/((-75)/(-860)). Calculate the greatest common factor of d and b.
58
Suppose -5*i - 441 = 2*i. Suppose -72 = -x + 45. Let k = x + i. What is the highest common divisor of 54 and k?
54
Let k(n) = -8*n + 39. Let t be k(5). Let b be (5 + 154/(-21))*(t - 92). Calculate the greatest common divisor of 7 and b.
7
Let f = 65488 - 42735. What is the highest common factor of 61 and f?
61
Suppose -2*l + 31 = b - 10, 0 = l + b - 19. Let z = l + -10. Suppose -10*y + 25 = -5. Calculate the greatest common factor of z and y.
3
Let b(k) be the third derivative of 25/6*k**3 + 0*k + 0 - 1/24*k**4 - 43*k**2. Let r be b(12). What is the highest common factor of r and 143?
13
Let d(l) = -l**3 + 2*l**2 + 18*l + 40. Let m be d(6). What is the highest common factor of 730 and m?
2
Suppose 2*i = 10 + 26. Let c(l) = l**3 - 7*l**2 - 6*l - 11. Let r be c(10). Let n = r - 139. What is the highest common divisor of i and n?
18
Suppose -5*d - 9*b + 14*b = -360, 3*d = b + 208. What is the highest common divisor of d and 3383?
17
Suppose 5*j - 4652 = -2*b, 0 = 7*b - 46 + 4. What is the greatest common factor of 319 and j?
29
Suppose 14 = z - 5*i + 7, -45 = -4*z + 3*i. Let d be 420/(-3)*(-6)/z. Calculate the highest common divisor of 56 and d.
14
Let r(g) = 0*g**2 + 0*g**2 + g**2 - 13*g + 8 + 7*g. Let k be r(8). Let j be 468/k + 1/2. Calculate the greatest common factor of 4 and j.
4
Let z(j) = 64*j**2 + 5*j + 4. Let o be z(-4). Suppose 4*w + o = 7*w. Suppose -4*s - 4*s + w = 0. Calculate the highest common factor of s and 336.
42
Suppose -10*j = -5*j - 30. Suppose i - 10 = -j. Suppose -5*t - 35 - 80 = -i*q, t = -3*q + 91. What is the greatest common divisor of 30 and q?
30
Let b be ((-2442)/(-185))/(252/125 - 2). Calculate the highest common divisor of 110 and b.
55
Suppose -5*l + 79 + 151 = 0. Let d(c) = 13*c - 67. Let z = 508 + -494. Let i be d(z). What is the greatest common divisor of l and i?
23
Let m be 12/14*(-19 - 486/(-9)). What is the highest common factor of m and 55?
5
Let d(s) = 8*s**3 - 2*s**2 - 4*s. Let j be d(3). Suppose 51*n + 762 = 178*n. Calculate the greatest common factor of n and j.
6
Let f(h) = 4*h**3 - 7*h**2 - h - 26. Let d be f(11). Suppose -14*w + d = 856. What is the highest common factor of w and 32?
32
Let p(s) = -s**3 + 25*s**2 - 2*s + 42. Let q be p(25). Let b be q/(-12) - -236*(-8)/(-12). What is the greatest common divisor of 237 and b?
79
Suppose 0 = 25*n + 412 + 688. Suppose 5*x - 5 - 10 = 0, -4*p = -5*x - 197. Let g = p + n. What is the greatest common divisor of 81 and g?
9
Let w(n) = n**2 + 375*n + 6356. Let t be w(0). What is the greatest common factor of t and 28?
28
Suppose 3*g - 3*c + 60 = 0, -8*g - 92 = -4*g + 2*c. Let d be (580/319)/((-4)/g). Calculate the greatest common divisor of 290 and d.
10
Let p(g) = -26*g + 3*g**2 + 9 + 2*g**2 + 20*g - 4. Let j be p(1). Suppose -j*r = -r - 528. What is the highest common factor of 16 and r?
16
Suppose 327*g - 283*g - 9548 = 0. What is the greatest common factor of g and 527?
31
Suppose -3 = -28*d + 27*d. Suppose -96 = -3*p + d*x, -3*x + 5*x = 0. Calculate the highest common factor of p and 2.
2
Let q be (-20)/(-2)*(-4416)/(-160). Let n = -261 + q. Calculate the greatest common divisor of 375 and n.
15
Let a(d) = d**3 + 19*d - 34. Let w be a(7). Suppose 3*v - w = -2*k, 4*v = -k + 503 + 88. What is the greatest common factor of 4 and v?
4
Suppose 5*l + 4*k = 13118, -9*l - 8*k + 23555 = -9*k. What is the greatest common factor of l and 595?
119
Let y be ((-68)/8 - -6)/(3/(-78)). What is the highest common factor of y and 2340?
65
Suppose -9 = -3*f, -8268 = -1257*s + 1256*s + 4*f. Calculate the greatest common divisor of s and 60.
60
Suppose -6*h + 2*h = -48. Let z be (-1 + 0 + -1)/(3/(-486)). What is the highest common divisor of h and z?
12
Let g(p) = -p**2 + 13*p - 5. Let a be g(12). Let k be (-2)/(249/(-1596) - a/(-49)). Calculate the greatest common divisor of k and 19.
19
Suppose -2*r + 50 = -5*j + 498, 0 = -2*r + 2. Suppose -38*o = 312720 - 324120. Calculate the greatest common divisor of j and o.
30
Suppose 5*n - 12*n = 5*b - 32304, -4*b = 12. What is the greatest common factor of n and 54?
27
Let l be -2 - -60*(-3)/(-2). Let p = l - 84. Let z(u) = u + 11. Let q be z(-9). Calculate the highest common factor of p and q.
2
Suppose -p + b + 6 = 0, 3*b - 8 = -4*p + 23. Let l(o) = 23*o - o**2 - 3*o**2 - p - 2 + 2*o**2. Let t be l(10). What is the greatest common divisor of t and 84?
21
Let n